{"id":12,"date":"2024-01-14T21:44:35","date_gmt":"2024-01-14T20:44:35","guid":{"rendered":"https:\/\/saplf.net\/?page_id=12"},"modified":"2024-03-17T11:02:46","modified_gmt":"2024-03-17T10:02:46","slug":"espace-membres","status":"publish","type":"page","link":"https:\/\/saplf.net\/index.php\/espace-membres\/","title":{"rendered":"Espace Membres"},"content":{"rendered":"\n<p class=\"has-medium-font-size\"><strong>DEVENIR MEMBRE DE LA SAPLF<\/strong><\/p>\n\n\n\n<ul>\n<li>L\u2019int\u00e9ress\u00e9(e) adresse au Pr\u00e9sident une demande manuscrite, une attestation de parrainage sign\u00e9e par deux membres actifs et un curriculum vitae&nbsp;;<\/li>\n\n\n\n<li>Lors d\u2019une r\u00e9union, le bureau ex\u00e9cutif examine et statue \u00e0 la majorit\u00e9 des 2\/3 des membres pr\u00e9sents sur l&rsquo;admission ou non du membre.<\/li>\n\n\n\n<li>La d\u00e9cision d\u2019admission ou de rejet de la demande est notifi\u00e9e \u00e0 l\u2019int\u00e9ress\u00e9 par \u00e9crit dans un d\u00e9lai de deux mois suivant celle-ci.<\/li>\n\n\n\n<li>Adresser la demande et les pi\u00e8ces justificatives \u00e0 :  <a href=\"mailto:secretariat@saplf.net\" target=\"_blank\" rel=\"noreferrer noopener\"><span style=\"text-decoration: underline;\">secretariat@saplf.net<\/span><\/a><\/li>\n<\/ul>\n\n\n\n<p class=\"has-medium-font-size\"><strong>ADHESION ET COTISATION ANNUELLE<\/strong><\/p>\n\n\n\n<p>Le montant du droit d\u2019adh\u00e9sion et de cotisation fix\u00e9 par l\u2019Assembl\u00e9e G\u00e9n\u00e9rale sur proposition du Bureau Ex\u00e9cutif s\u2019\u00e9tablit comme suit\u00a0:<\/p>\n\n\n\n<p class=\"has-medium-font-size\"><strong>Droit d\u2019adh\u00e9sion unique<\/strong>:    \u00a0 \u00a0 \u00a0 \u00a0 \u00a0 \u00a0 5\u00a0000 F CFA<\/p>\n\n\n\n<p class=\"has-medium-font-size\"><strong>Cotisations Annuelles\u00a0:<\/strong><\/p>\n\n\n\n<ul>\n<li>praticiens et chercheurs\u00a0:\u00a0 \u00a0 \u00a0 \u00a0 \u00a0 \u00a0 \u00a0 \u00a0 \u00a0 \u00a0 \u00a0 \u00a0 \u00a0 \u00a0 \u00a0 \u00a0 25\u00a0000 F CFA<\/li>\n\n\n\n<li>internes\/R\u00e9sidents\u00a0:\u00a0 \u00a0 \u00a0 \u00a0 \u00a0 \u00a0 \u00a0 \u00a0 \u00a0 \u00a0 \u00a0 \u00a0 \u00a0 \u00a0 \u00a0 \u00a0 \u00a0 \u00a0 \u00a0 \u00a0 \u00a0 12 500 F CFA<\/li>\n\n\n\n<li>industries pharmaceutiques &nbsp; &nbsp; &nbsp; &nbsp; &nbsp; &nbsp; &nbsp; &nbsp; &nbsp; &nbsp; &nbsp; &nbsp; 100 000 F CFA<\/li>\n\n\n\n<li>instituts de recherche&nbsp;:&nbsp; &nbsp; &nbsp; &nbsp; &nbsp; &nbsp; &nbsp; &nbsp; &nbsp; &nbsp; &nbsp; &nbsp; &nbsp; &nbsp; &nbsp; &nbsp; &nbsp; 100 000 F CFA<\/li>\n\n\n\n<li>organisations&nbsp;: &nbsp; &nbsp; &nbsp; &nbsp; &nbsp; &nbsp; &nbsp; &nbsp; &nbsp; &nbsp; &nbsp; &nbsp; &nbsp; &nbsp; &nbsp; &nbsp; &nbsp; &nbsp; &nbsp; &nbsp; &nbsp; &nbsp; &nbsp; &nbsp; 100 000 F CFA<\/li>\n<\/ul>\n\n\n\n<p>La cotisation annuelle est exigible au cours du premier trimestre de l\u2019ann\u00e9e en cours.<\/p>\n\n\n\n<p>L\u2019acquittement du droit d\u2019adh\u00e9sion et de cotisation doit obligatoirement donner lieu \u00e0 la d\u00e9livrance de re\u00e7u.<\/p>\n\n\n\n<p><\/p>\n","protected":false},"excerpt":{"rendered":"<p>DEVENIR MEMBRE DE LA SAPLF ADHESION ET COTISATION ANNUELLE Le montant du droit d\u2019adh\u00e9sion et de cotisation fix\u00e9 par l\u2019Assembl\u00e9e G\u00e9n\u00e9rale sur proposition du Bureau Ex\u00e9cutif s\u2019\u00e9tablit comme suit\u00a0: Droit d\u2019adh\u00e9sion unique: \u00a0 \u00a0 \u00a0 \u00a0 \u00a0 \u00a0 5\u00a0000 F CFA Cotisations Annuelles\u00a0: La cotisation annuelle est exigible au cours du premier trimestre de l\u2019ann\u00e9e&#8230;<\/p>\n","protected":false},"author":1,"featured_media":0,"parent":0,"menu_order":0,"comment_status":"closed","ping_status":"closed","template":"","meta":{"_kad_post_transparent":"","_kad_post_title":"show","_kad_post_layout":"","_kad_post_sidebar_id":"","_kad_post_content_style":"","_kad_post_vertical_padding":"show","_kad_post_feature":"","_kad_post_feature_position":"","_kad_post_header":false,"_kad_post_footer":false,"footnotes":""},"_links":{"self":[{"href":"https:\/\/saplf.net\/index.php\/wp-json\/wp\/v2\/pages\/12"}],"collection":[{"href":"https:\/\/saplf.net\/index.php\/wp-json\/wp\/v2\/pages"}],"about":[{"href":"https:\/\/saplf.net\/index.php\/wp-json\/wp\/v2\/types\/page"}],"author":[{"embeddable":true,"href":"https:\/\/saplf.net\/index.php\/wp-json\/wp\/v2\/users\/1"}],"replies":[{"embeddable":true,"href":"https:\/\/saplf.net\/index.php\/wp-json\/wp\/v2\/comments?post=12"}],"version-history":[{"count":13,"href":"https:\/\/saplf.net\/index.php\/wp-json\/wp\/v2\/pages\/12\/revisions"}],"predecessor-version":[{"id":235,"href":"https:\/\/saplf.net\/index.php\/wp-json\/wp\/v2\/pages\/12\/revisions\/235"}],"wp:attachment":[{"href":"https:\/\/saplf.net\/index.php\/wp-json\/wp\/v2\/media?parent=12"}],"curies":[{"name":"wp","href":"https:\/\/api.w.org\/{rel}","templated":true}]}}