{"id":16,"date":"2024-01-14T21:46:34","date_gmt":"2024-01-14T20:46:34","guid":{"rendered":"https:\/\/saplf.net\/?page_id=16"},"modified":"2024-02-13T16:56:43","modified_gmt":"2024-02-13T15:56:43","slug":"groupes-de-travail","status":"publish","type":"page","link":"https:\/\/saplf.net\/index.php\/groupes-de-travail\/","title":{"rendered":"Groupes de travail"},"content":{"rendered":"\n<p><strong>Cr\u00e9ation des Groupes de travail (GT) de la SAPLF et nomination des coordonnateurs<\/strong><\/p>\n\n\n\n<p>Les GT sont une composante de la SAPLF.&nbsp;<\/p>\n\n\n\n<p>La cr\u00e9ation des GT a fait l\u2019objet des recommandations au cours des diff\u00e9rentes AG par les membres de la SAPLF. La nomination des membres des GT est faite par le Pr\u00e9sident et le Secr\u00e9taire G\u00e9n\u00e9ral.&nbsp;<\/p>\n\n\n\n<p><strong>R\u00f4le&nbsp;<\/strong><\/p>\n\n\n\n<ul>\n<li>Redynamiser les activit\u00e9s scientifiques de la SAPLF et en particulier d\u00e9velopper la recherche multicentrique dans les pays membres de la SAPLF<\/li>\n\n\n\n<li>Proposer les formations th\u00e9matiques aux membres de la SAPLF et \u00e0 d\u2019autres professionnels de la sant\u00e9&nbsp;<\/li>\n\n\n\n<li>\u00c9laborer&nbsp; et mettre en \u0153uvre des programmes (plans de prise en charge) ou lutte contre les maladies respiratoires (consensus, directives, \u2026)&nbsp;<\/li>\n\n\n\n<li>Ecrire un livre de pneumologie tropicale&nbsp;<\/li>\n<\/ul>\n\n\n\n<p><strong>Constitution&nbsp;<\/strong><\/p>\n\n\n\n<p>Chaque GT est sous la responsabilit\u00e9 d\u2019un coordonnateur qui est l\u2019interlocuteur du pr\u00e9sident, du Secr\u00e9taire G\u00e9n\u00e9ral et du Pr\u00e9sident du comit\u00e9 scientifique. Les GT sont constitu\u00e9s:<\/p>\n\n\n\n<ol>\n<li>D\u2019un coordonnateur<\/li>\n<\/ol>\n\n\n\n<p>Le coordonnateur du GT assure les fonctions suivantes&nbsp;:<\/p>\n\n\n\n<ul>\n<li>Coordination des activit\u00e9s du GT<\/li>\n\n\n\n<li>Direction et animation des d\u00e9bats du GT au cours des r\u00e9unions<\/li>\n\n\n\n<li>Liaison du GT avec le bureau ex\u00e9cutif de la SAPLF et le conseil scientifique&nbsp;<\/li>\n<\/ul>\n\n\n\n<ol start=\"2\">\n<li>D\u2019un secr\u00e9taire&nbsp;<\/li>\n<\/ol>\n\n\n\n<p>Les fonctions du secr\u00e9taire du GT sont&nbsp;:<\/p>\n\n\n\n<ul>\n<li>R\u00e9daction trimestrielle des rapports d\u2019activit\u00e9s<\/li>\n\n\n\n<li>R\u00e9ception et actualisation des membres du GT<\/li>\n\n\n\n<li>Remplacement du coordonnateur en cas d\u2019emp\u00eachement de ce dernier<\/li>\n<\/ul>\n\n\n\n<ol start=\"3\">\n<li>D\u2019un tr\u00e9sorier&nbsp;<\/li>\n<\/ol>\n\n\n\n<p>Le r\u00f4le du tr\u00e9sorier est de veiller \u00e0 l\u2019encaissement des recettes et des d\u00e9penses du GT&nbsp;<\/p>\n\n\n\n<ol start=\"4\">\n<li>Les membres de la SAPLF s\u2019int\u00e9ressant \u00e0 la th\u00e9matique du GT<\/li>\n<\/ol>\n\n\n\n<p>Il est autoris\u00e9 l\u2019inscription dans un maximum de 4GT<\/p>\n\n\n\n<p><strong>Fonctionnement<\/strong><\/p>\n\n\n\n<ul>\n<li>Nomination initiale des responsables du GT par le pr\u00e9sident du bureau ex\u00e9cutif puis d\u00e8s la constitution du GT, les responsables du GT seront d\u00e9sign\u00e9s par voie \u00e9lective. Mais la nomination finale est toujours proclam\u00e9e par le bureau ex\u00e9cutif.<\/li>\n\n\n\n<li>Rythme des rencontres physiques ou virtuelles \u00e0 planifier par les GT<\/li>\n\n\n\n<li>Transmission trimestrielle des rapports d\u2019activit\u00e9 au bureau ex\u00e9cutif de la SAPLF&nbsp;<\/li>\n\n\n\n<li>Proposition au bureau des objectifs, des activit\u00e9s \u00e0 mener et le chronogramme d\u2019ex\u00e9cution.&nbsp;<\/li>\n<\/ul>\n\n\n\n<p><strong>GT Propos\u00e9s et coordonnateurs initiaux<\/strong><\/p>\n\n\n\n<ol>\n<li><strong>GT Tuberculose<\/strong><\/li>\n<\/ol>\n\n\n\n<p>Coordonnateur&nbsp;: Pr G. BADOUM, Burkina-Faso<\/p>\n\n\n\n<ol start=\"2\">\n<li><strong>GT infections respiratoires basses non tuberculeuses<\/strong><\/li>\n<\/ol>\n\n\n\n<p>Coordonnateur&nbsp;: Pr K. HORO, C\u00f4te d\u2019Ivoire<\/p>\n\n\n\n<ol start=\"3\">\n<li><strong>GT Asthme et allergies respiratoires<\/strong><\/li>\n<\/ol>\n\n\n\n<p>Coordonnateur&nbsp;: Pr S. BAKAYOKO<\/p>\n\n\n\n<ol start=\"4\">\n<li><strong>GT Sommeil<\/strong><\/li>\n<\/ol>\n\n\n\n<p>Coordonnateur&nbsp;: Pr A. KOUASSI BOKO, C\u00f4te d\u2019Ivoire<\/p>\n\n\n\n<ol start=\"5\">\n<li><strong>GT Fonction pulmonaire<\/strong><\/li>\n<\/ol>\n\n\n\n<p>Coordonnateur&nbsp;: Pr E.W PEFURA YONE, Cameroun<\/p>\n\n\n\n<ol start=\"6\">\n<li><strong>GT Environnement et tabac&nbsp;<\/strong><\/li>\n<\/ol>\n\n\n\n<p>Coordonnateur: Pr G. AGODOKPESSI, B\u00e9nin&nbsp;<\/p>\n\n\n\n<ol start=\"7\">\n<li><strong>GT BPCO<\/strong><\/li>\n<\/ol>\n\n\n\n<p>Coordonnateur&nbsp;: Pr H. MBATCHOU, Cameroun<\/p>\n\n\n\n<ol start=\"8\">\n<li><strong>GT Endoscopie\/Echographie thoracique<\/strong><\/li>\n<\/ol>\n\n\n\n<p>Coordonnateur&nbsp;: Pr K. ADJOH, Togo<\/p>\n\n\n\n<ol start=\"9\">\n<li><strong>GT Oncologie thoracique<\/strong><\/li>\n<\/ol>\n\n\n\n<p>Coordonnateur&nbsp;: Pr O. TOURE NAFISSATOU, S\u00e9n\u00e9gal<\/p>\n\n\n\n<ol start=\"10\">\n<li><strong>GT Culture\/Traditions et pneumologie<\/strong><\/li>\n<\/ol>\n\n\n\n<p>Coordonnateur&nbsp;: Pr G. OUEDRAOGO, Burkina-Faso<\/p>\n\n\n\n<ol start=\"11\">\n<li><strong>GT Pl\u00e8vre<\/strong><\/li>\n<\/ol>\n\n\n\n<p>Coordonnateur&nbsp;:&nbsp; Pr. YACINE DIA du S\u00e9n\u00e9gal<\/p>\n\n\n\n<ol start=\"12\">\n<li><strong>GT Vaisseaux et poumon&nbsp;<\/strong><\/li>\n<\/ol>\n\n\n\n<p>Coordonnateur&nbsp;: Pr Y. TOLOBA, Mali<\/p>\n\n\n\n<ol start=\"13\">\n<li><strong>GT Pneumopathies interstitielles\/Poumon et maladies de syst\u00e8me<\/strong><\/li>\n<\/ol>\n\n\n\n<p>Coordonnateur&nbsp;: Pr C. BROU GODE<\/p>\n\n\n\n<p><strong>\u00a0    <\/strong><\/p>\n","protected":false},"excerpt":{"rendered":"<p>Cr\u00e9ation des Groupes de travail (GT) de la SAPLF et nomination des coordonnateurs Les GT sont une composante de la SAPLF.&nbsp; La cr\u00e9ation des GT a fait l\u2019objet des recommandations au cours des diff\u00e9rentes AG par les membres de la SAPLF. La nomination des membres des GT est faite par le Pr\u00e9sident et le Secr\u00e9taire&#8230;<\/p>\n","protected":false},"author":1,"featured_media":0,"parent":0,"menu_order":0,"comment_status":"closed","ping_status":"closed","template":"","meta":{"_kad_post_transparent":"","_kad_post_title":"","_kad_post_layout":"","_kad_post_sidebar_id":"","_kad_post_content_style":"","_kad_post_vertical_padding":"","_kad_post_feature":"","_kad_post_feature_position":"","_kad_post_header":false,"_kad_post_footer":false,"footnotes":""},"_links":{"self":[{"href":"https:\/\/saplf.net\/index.php\/wp-json\/wp\/v2\/pages\/16"}],"collection":[{"href":"https:\/\/saplf.net\/index.php\/wp-json\/wp\/v2\/pages"}],"about":[{"href":"https:\/\/saplf.net\/index.php\/wp-json\/wp\/v2\/types\/page"}],"author":[{"embeddable":true,"href":"https:\/\/saplf.net\/index.php\/wp-json\/wp\/v2\/users\/1"}],"replies":[{"embeddable":true,"href":"https:\/\/saplf.net\/index.php\/wp-json\/wp\/v2\/comments?post=16"}],"version-history":[{"count":4,"href":"https:\/\/saplf.net\/index.php\/wp-json\/wp\/v2\/pages\/16\/revisions"}],"predecessor-version":[{"id":137,"href":"https:\/\/saplf.net\/index.php\/wp-json\/wp\/v2\/pages\/16\/revisions\/137"}],"wp:attachment":[{"href":"https:\/\/saplf.net\/index.php\/wp-json\/wp\/v2\/media?parent=16"}],"curies":[{"name":"wp","href":"https:\/\/api.w.org\/{rel}","templated":true}]}}