{"id":16,"date":"2024-01-14T21:46:34","date_gmt":"2024-01-14T20:46:34","guid":{"rendered":"https:\/\/saplf.net\/?page_id=16"},"modified":"2024-02-13T16:56:43","modified_gmt":"2024-02-13T15:56:43","slug":"groupes-de-travail","status":"publish","type":"page","link":"https:\/\/saplf.net\/index.php\/groupes-de-travail\/","title":{"rendered":"Groupes de travail"},"content":{"rendered":"\n<p><strong>Cr\u00e9ation des Groupes de travail (GT) de la SAPLF et nomination des coordonnateurs<\/strong><\/p>\n\n\n\n<p>Les GT sont une composante de la SAPLF.&nbsp;<\/p>\n\n\n\n<p>La cr\u00e9ation des GT a fait l\u2019objet des recommandations au cours des diff\u00e9rentes AG par les membres de la SAPLF. La nomination des membres des GT est faite par le Pr\u00e9sident et le Secr\u00e9taire G\u00e9n\u00e9ral.&nbsp;<\/p>\n\n\n\n<p><strong>R\u00f4le&nbsp;<\/strong><\/p>\n\n\n\n<ul>\n<li>Redynamiser les activit\u00e9s scientifiques de la SAPLF et en particulier d\u00e9velopper la recherche multicentrique dans les pays membres de la SAPLF<\/li>\n\n\n\n<li>Proposer les formations th\u00e9matiques aux membres de la SAPLF et \u00e0 d\u2019autres professionnels de la sant\u00e9&nbsp;<\/li>\n\n\n\n<li>\u00c9laborer&nbsp; et mettre en \u0153uvre des programmes (plans de prise en charge) ou lutte contre les maladies respiratoires (consensus, directives, \u2026)&nbsp;<\/li>\n\n\n\n<li>Ecrire un livre de pneumologie tropicale&nbsp;<\/li>\n<\/ul>\n\n\n\n<p><strong>Constitution&nbsp;<\/strong><\/p>\n\n\n\n<p>Chaque GT est sous la responsabilit\u00e9 d\u2019un coordonnateur qui est l\u2019interlocuteur du pr\u00e9sident, du Secr\u00e9taire G\u00e9n\u00e9ral et du Pr\u00e9sident du comit\u00e9 scientifique. Les GT sont constitu\u00e9s:<\/p>\n\n\n\n<ol>\n<li>D\u2019un coordonnateur<\/li>\n<\/ol>\n\n\n\n<p>Le coordonnateur du GT assure les fonctions suivantes&nbsp;:<\/p>\n\n\n\n<ul>\n<li>Coordination des activit\u00e9s du GT<\/li>\n\n\n\n<li>Direction et animation des d\u00e9bats du GT au cours des r\u00e9unions<\/li>\n\n\n\n<li>Liaison du GT avec le bureau ex\u00e9cutif de la SAPLF et le conseil scientifique&nbsp;<\/li>\n<\/ul>\n\n\n\n<ol start=\"2\">\n<li>D\u2019un secr\u00e9taire&nbsp;<\/li>\n<\/ol>\n\n\n\n<p>Les fonctions du secr\u00e9taire du GT sont&nbsp;:<\/p>\n\n\n\n<ul>\n<li>R\u00e9daction trimestrielle des rapports d\u2019activit\u00e9s<\/li>\n\n\n\n<li>R\u00e9ception et actualisation des membres du GT<\/li>\n\n\n\n<li>Remplacement du coordonnateur en cas d\u2019emp\u00eachement de ce dernier<\/li>\n<\/ul>\n\n\n\n<ol start=\"3\">\n<li>D\u2019un tr\u00e9sorier&nbsp;<\/li>\n<\/ol>\n\n\n\n<p>Le r\u00f4le du tr\u00e9sorier est de veiller \u00e0 l\u2019encaissement des recettes et des d\u00e9penses du GT&nbsp;<\/p>\n\n\n\n<ol start=\"4\">\n<li>Les membres de la SAPLF s\u2019int\u00e9ressant \u00e0 la th\u00e9matique du GT<\/li>\n<\/ol>\n\n\n\n<p>Il est autoris\u00e9 l\u2019inscription dans un maximum de 4GT<\/p>\n\n\n\n<p><strong>Fonctionnement<\/strong><\/p>\n\n\n\n<ul>\n<li>Nomination initiale des responsables du GT par le pr\u00e9sident du bureau ex\u00e9cutif puis d\u00e8s la constitution du GT, les responsables du GT seront d\u00e9sign\u00e9s par voie \u00e9lective. Mais la nomination finale est toujours proclam\u00e9e par le bureau ex\u00e9cutif.<\/li>\n\n\n\n<li>Rythme des rencontres physiques ou virtuelles \u00e0 planifier par les GT<\/li>\n\n\n\n<li>Transmission trimestrielle des rapports d\u2019activit\u00e9 au bureau ex\u00e9cutif de la SAPLF&nbsp;<\/li>\n\n\n\n<li>Proposition au bureau des objectifs, des activit\u00e9s \u00e0 mener et le chronogramme d\u2019ex\u00e9cution.&nbsp;<\/li>\n<\/ul>\n\n\n\n<p><strong>GT Propos\u00e9s et coordonnateurs initiaux<\/strong><\/p>\n\n\n\n<ol>\n<li><strong>GT Tuberculose<\/strong><\/li>\n<\/ol>\n\n\n\n<p>Coordonnateur&nbsp;: Pr G. BADOUM, Burkina-Faso<\/p>\n\n\n\n<ol start=\"2\">\n<li><strong>GT infections respiratoires basses non tuberculeuses<\/strong><\/li>\n<\/ol>\n\n\n\n<p>Coordonnateur&nbsp;: Pr K. HORO, C\u00f4te d\u2019Ivoire<\/p>\n\n\n\n<ol start=\"3\">\n<li><strong>GT Asthme et allergies respiratoires<\/strong><\/li>\n<\/ol>\n\n\n\n<p>Coordonnateur&nbsp;: Pr S. BAKAYOKO<\/p>\n\n\n\n<ol start=\"4\">\n<li><strong>GT Sommeil<\/strong><\/li>\n<\/ol>\n\n\n\n<p>Coordonnateur&nbsp;: Pr A. KOUASSI BOKO, C\u00f4te d\u2019Ivoire<\/p>\n\n\n\n<ol start=\"5\">\n<li><strong>GT Fonction pulmonaire<\/strong><\/li>\n<\/ol>\n\n\n\n<p>Coordonnateur&nbsp;: Pr E.W PEFURA YONE, Cameroun<\/p>\n\n\n\n<ol start=\"6\">\n<li><strong>GT Environnement et tabac&nbsp;<\/strong><\/li>\n<\/ol>\n\n\n\n<p>Coordonnateur: Pr G. AGODOKPESSI, B\u00e9nin&nbsp;<\/p>\n\n\n\n<ol start=\"7\">\n<li><strong>GT BPCO<\/strong><\/li>\n<\/ol>\n\n\n\n<p>Coordonnateur&nbsp;: Pr H. MBATCHOU, Cameroun<\/p>\n\n\n\n<ol start=\"8\">\n<li><strong>GT Endoscopie\/Echographie thoracique<\/strong><\/li>\n<\/ol>\n\n\n\n<p>Coordonnateur&nbsp;: Pr K. ADJOH, Togo<\/p>\n\n\n\n<ol start=\"9\">\n<li><strong>GT Oncologie thoracique<\/strong><\/li>\n<\/ol>\n\n\n\n<p>Coordonnateur&nbsp;: Pr O. TOURE NAFISSATOU, S\u00e9n\u00e9gal<\/p>\n\n\n\n<ol start=\"10\">\n<li><strong>GT Culture\/Traditions et pneumologie<\/strong><\/li>\n<\/ol>\n\n\n\n<p>Coordonnateur&nbsp;: Pr G. OUEDRAOGO, Burkina-Faso<\/p>\n\n\n\n<ol start=\"11\">\n<li><strong>GT Pl\u00e8vre<\/strong><\/li>\n<\/ol>\n\n\n\n<p>Coordonnateur&nbsp;:&nbsp; Pr. YACINE DIA du S\u00e9n\u00e9gal<\/p>\n\n\n\n<ol start=\"12\">\n<li><strong>GT Vaisseaux et poumon&nbsp;<\/strong><\/li>\n<\/ol>\n\n\n\n<p>Coordonnateur&nbsp;: Pr Y. TOLOBA, Mali<\/p>\n\n\n\n<ol start=\"13\">\n<li><strong>GT Pneumopathies interstitielles\/Poumon et maladies de syst\u00e8me<\/strong><\/li>\n<\/ol>\n\n\n\n<p>Coordonnateur&nbsp;: Pr C. BROU GODE<\/p>\n\n\n\n<p><strong>\u00a0    <\/strong><\/p>\n","protected":false},"excerpt":{"rendered":"<p>Cr\u00e9ation des Groupes de travail (GT) de la SAPLF et nomination des coordonnateurs Les GT sont une composante de la SAPLF.&nbsp; La cr\u00e9ation des GT a fait l\u2019objet des recommandations au cours des diff\u00e9rentes AG par les membres de la SAPLF. La nomination des membres des GT est faite par le Pr\u00e9sident et le Secr\u00e9taire&#8230;<\/p>\n","protected":false},"author":1,"featured_media":0,"parent":0,"menu_order":0,"comment_status":"closed","ping_status":"closed","template":"","meta":{"_kad_post_transparent":"","_kad_post_title":"","_kad_post_layout":"","_kad_post_sidebar_id":"","_kad_post_content_style":"","_kad_post_vertical_padding":"","_kad_post_feature":"","_kad_post_feature_position":"","_kad_post_header":false,"_kad_post_footer":false,"footnotes":""},"_links":{"self":[{"href":"https:\/\/saplf.net\/index.php\/wp-json\/wp\/v2\/pages\/16"}],"collection":[{"href":"https:\/\/saplf.net\/index.php\/wp-json\/wp\/v2\/pages"}],"about":[{"href":"https:\/\/saplf.net\/index.php\/wp-json\/wp\/v2\/types\/page"}],"author":[{"embeddable":true,"href":"https:\/\/saplf.net\/index.php\/wp-json\/wp\/v2\/users\/1"}],"replies":[{"embeddable":true,"href":"https:\/\/saplf.net\/index.php\/wp-json\/wp\/v2\/comments?post=16"}],"version-history":[{"count":4,"href":"https:\/\/saplf.net\/index.php\/wp-json\/wp\/v2\/pages\/16\/revisions"}],"predecessor-version":[{"id":137,"href":"https:\/\/saplf.net\/index.php\/wp-json\/wp\/v2\/pages\/16\/revisions\/137"}],"wp:attachment":[{"href":"https:\/\/saplf.net\/index.php\/wp-json\/wp\/v2\/media?parent=16"}],"curies":[{"name":"wp","href":"https:\/\/api.w.org\/{rel}","templated":true}]}}

<p><strong>Création des Groupes de travail (GT) de la SAPLF et nomination des coordonnateurs</strong></p>



<p>Les GT sont une composante de la SAPLF.&nbsp;</p>



<p>La création des GT a fait l’objet des recommandations au cours des différentes AG par les membres de la SAPLF. La nomination des membres des GT est faite par le Président et le Secrétaire Général.&nbsp;</p>



<p><strong>Rôle&nbsp;</strong></p>



<ul>
<li>Redynamiser les activités scientifiques de la SAPLF et en particulier développer la recherche multicentrique dans les pays membres de la SAPLF</li>



<li>Proposer les formations thématiques aux membres de la SAPLF et à d’autres professionnels de la santé&nbsp;</li>



<li>Élaborer&nbsp; et mettre en œuvre des programmes (plans de prise en charge) ou lutte contre les maladies respiratoires (consensus, directives, …)&nbsp;</li>



<li>Ecrire un livre de pneumologie tropicale&nbsp;</li>
</ul>



<p><strong>Constitution&nbsp;</strong></p>



<p>Chaque GT est sous la responsabilité d’un coordonnateur qui est l’interlocuteur du président, du Secrétaire Général et du Président du comité scientifique. Les GT sont constitués:</p>



<ol>
<li>D’un coordonnateur</li>
</ol>



<p>Le coordonnateur du GT assure les fonctions suivantes&nbsp;:</p>



<ul>
<li>Coordination des activités du GT</li>



<li>Direction et animation des débats du GT au cours des réunions</li>



<li>Liaison du GT avec le bureau exécutif de la SAPLF et le conseil scientifique&nbsp;</li>
</ul>



<ol start="2">
<li>D’un secrétaire&nbsp;</li>
</ol>



<p>Les fonctions du secrétaire du GT sont&nbsp;:</p>



<ul>
<li>Rédaction trimestrielle des rapports d’activités</li>



<li>Réception et actualisation des membres du GT</li>



<li>Remplacement du coordonnateur en cas d’empêchement de ce dernier</li>
</ul>



<ol start="3">
<li>D’un trésorier&nbsp;</li>
</ol>



<p>Le rôle du trésorier est de veiller à l’encaissement des recettes et des dépenses du GT&nbsp;</p>



<ol start="4">
<li>Les membres de la SAPLF s’intéressant à la thématique du GT</li>
</ol>



<p>Il est autorisé l’inscription dans un maximum de 4GT</p>



<p><strong>Fonctionnement</strong></p>



<ul>
<li>Nomination initiale des responsables du GT par le président du bureau exécutif puis dès la constitution du GT, les responsables du GT seront désignés par voie élective. Mais la nomination finale est toujours proclamée par le bureau exécutif.</li>



<li>Rythme des rencontres physiques ou virtuelles à planifier par les GT</li>



<li>Transmission trimestrielle des rapports d’activité au bureau exécutif de la SAPLF&nbsp;</li>



<li>Proposition au bureau des objectifs, des activités à mener et le chronogramme d’exécution.&nbsp;</li>
</ul>



<p><strong>GT Proposés et coordonnateurs initiaux</strong></p>



<ol>
<li><strong>GT Tuberculose</strong></li>
</ol>



<p>Coordonnateur&nbsp;: Pr G. BADOUM, Burkina-Faso</p>



<ol start="2">
<li><strong>GT infections respiratoires basses non tuberculeuses</strong></li>
</ol>



<p>Coordonnateur&nbsp;: Pr K. HORO, Côte d’Ivoire</p>



<ol start="3">
<li><strong>GT Asthme et allergies respiratoires</strong></li>
</ol>



<p>Coordonnateur&nbsp;: Pr S. BAKAYOKO</p>



<ol start="4">
<li><strong>GT Sommeil</strong></li>
</ol>



<p>Coordonnateur&nbsp;: Pr A. KOUASSI BOKO, Côte d’Ivoire</p>



<ol start="5">
<li><strong>GT Fonction pulmonaire</strong></li>
</ol>



<p>Coordonnateur&nbsp;: Pr E.W PEFURA YONE, Cameroun</p>



<ol start="6">
<li><strong>GT Environnement et tabac&nbsp;</strong></li>
</ol>



<p>Coordonnateur: Pr G. AGODOKPESSI, Bénin&nbsp;</p>



<ol start="7">
<li><strong>GT BPCO</strong></li>
</ol>



<p>Coordonnateur&nbsp;: Pr H. MBATCHOU, Cameroun</p>



<ol start="8">
<li><strong>GT Endoscopie/Echographie thoracique</strong></li>
</ol>



<p>Coordonnateur&nbsp;: Pr K. ADJOH, Togo</p>



<ol start="9">
<li><strong>GT Oncologie thoracique</strong></li>
</ol>



<p>Coordonnateur&nbsp;: Pr O. TOURE NAFISSATOU, Sénégal</p>



<ol start="10">
<li><strong>GT Culture/Traditions et pneumologie</strong></li>
</ol>



<p>Coordonnateur&nbsp;: Pr G. OUEDRAOGO, Burkina-Faso</p>



<ol start="11">
<li><strong>GT Plèvre</strong></li>
</ol>



<p>Coordonnateur&nbsp;:&nbsp; Pr. YACINE DIA du Sénégal</p>



<ol start="12">
<li><strong>GT Vaisseaux et poumon&nbsp;</strong></li>
</ol>



<p>Coordonnateur&nbsp;: Pr Y. TOLOBA, Mali</p>



<ol start="13">
<li><strong>GT Pneumopathies interstitielles/Poumon et maladies de système</strong></li>
</ol>



<p>Coordonnateur&nbsp;: Pr C. BROU GODE</p>



<p><strong>     </strong></p>

<p>Création des Groupes de travail (GT) de la SAPLF et nomination des coordonnateurs Les GT sont une composante de la SAPLF.&nbsp; La création des GT a fait l’objet des recommandations au cours des différentes AG par les membres de la SAPLF. La nomination des membres des GT est faite par le Président et le Secrétaire&#8230;</p>
